{"id":7590,"date":"2023-11-17T14:09:09","date_gmt":"2023-11-17T13:09:09","guid":{"rendered":"https:\/\/brixo.se\/privatlan\/?page_id=7590"},"modified":"2026-03-24T15:26:49","modified_gmt":"2026-03-24T14:26:49","slug":"laneansokan","status":"publish","type":"page","link":"https:\/\/brixo.se\/privatlan\/laneansokan\/","title":{"rendered":"L\u00e5neans\u00f6kan"},"content":{"rendered":"<style>#block_d5dc8822f390774432325e7cb91da751 {background-image: url('https:\/\/brixo.se\/privatlan\/wp-content\/uploads\/2023\/11\/New-Background-Mobile-Dark-Blue-2.jpg');}@media(min-width: 768px) {#block_d5dc8822f390774432325e7cb91da751 {background-image: url('https:\/\/brixo.se\/privatlan\/wp-content\/uploads\/2023\/11\/New-Background-Test-2.jpg');}}<\/style>\n<div class=\"profet\">\n    <section id=\"block_d5dc8822f390774432325e7cb91da751\" class=\"hero-section hero-section-regular padding-top-xs-2 padding-bottom-xs-2 padding-top-lg-4 padding-bottom-lg-4  \" style=\"background-color: #1e73be;\">\n\n        <!-- Mobile layout -->\n        <div class=\"d-md-none bg-wrapper\" >\n            <div class=\"container\">\n                <div class=\"mobile-layout padding-top-xs-2 padding-bottom-xs-2\">\n                    <div class=\"row\">\n                        <div class=\"col-12 col-md-8 col-lg-7\">\n                                                        <div class=\"text-wrapper\">\n                                <h1><span style=\"color: #ffffff;\">P\u00e5b\u00f6rja din l\u00e5neans\u00f6kan<\/span><\/h1>\n<p><span style=\"color: #ffffff;\">Privatl\u00e5n p\u00e5 10 000 till 150 000 kr utan UC. Med Brixos privatl\u00e5n f\u00e5r du en l\u00e4tt\u00f6versk\u00e5dlig avbetalningsplan d\u00e5 du betalar samma belopp varje m\u00e5nad &#8211; p\u00e5 s\u00e5 s\u00e4tt g\u00f6r vi det enklare f\u00f6r dig att planera din ekonomi. Betalningsanm\u00e4rkningar ok.<\/span><\/p>\n<ul>\n<li><span style=\"color: #ffffff;\">L\u00e5na 10 000 till 150 000 kr utan UC<\/span><\/li>\n<li><span style=\"color: #ffffff;\">Smidig digital ans\u00f6kan &amp; besked inom 24h<\/span><\/li>\n<li><span style=\"color: #ffffff;\">Utbetalning samma dag som ans\u00f6kan beviljas<\/span><\/li>\n<li><span style=\"color: #ffffff;\">Betalningsanm\u00e4rkningar \u00e4r OK<\/span><\/li>\n<\/ul>\n                            <\/div>\n                                                    <\/div>\n\n                                                    <div class=\"col-12\">\n                                <div class=\"image-wrapper padding-top-xs-2\">\n                                    \n                    <div class='brixo-ams-application'>\n                        <div class='slider-wraper'>\n                            <div class='slider-content-box'>\n                                <div class='slider-content-box-top'>\n                                    <h3 class='slider-box-title'>Hur mycket vill du l\u00e5na?<\/h3>\n                                <\/div>\n                                <div class='slider-content-box-middle'>\n                                    \n                    <div class='slider-element-1'>\n                        \n                    <h4 class='slider-element-title'>L\u00e5nebelopp: <span class='summary credit-limit'><\/span><\/h4>\n                    <div class='slider-credit-limit'><\/div>\n                    \n                    <\/div>\n                    <div class='slider-element-2'>\n                        \n                    <h4 class='slider-element-title'>\u00c5terbetalningstid: <span class='summary payback-period'>m\u00e5n<\/span><\/h4>\n                    <div class='slider-payback-period'><\/div>\n                    \n                    <\/div>\n                    <div class='slider-element-cost-summary'>\n                        <h6>M\u00e5nadsbetalning: <span class='summary monthly-payment'><\/span><\/h6>\n                        <h6>Totalt belopp att \u00e5terbetala: <span class='summary total-repayment-amount'><\/span><\/h6>\n                        <h6>R\u00e4nta: <span class='summary nominal-interest'><\/span><\/h6>\n                    <\/div>\n                    \n                                <\/div>\n                                <div class='slider-content-box-bottom'>\n                                    <a href='#popup_9139' class='ams-submit-btn ams-submit-btn-color'>\n                                        Ans\u00f6k nu \n                                        <svg xmlns='http:\/\/www.w3.org\/2000\/svg' aria-hidden='true' role='img' width='1.3em' height='1.3em' preserveAspectRatio='xMidYMid meet' viewBox='0 0 24 24'><path fill='none' stroke='currentColor' stroke-linecap='round' stroke-linejoin='round' stroke-width='2.5' d='M4 12h16m-7-7l7 7l-7 7'\/><\/svg>\n                                    <\/a>\n                                <\/div>\n                            <\/div>\n                        <\/div>\n                    <\/div>\n                                                    <\/div>\n                            <\/div>\n                        \n                    <\/div>\n\n                                            <div class=\"col-12 margin-top-xs-1\">\n                            <p class=\"representative-example-text margin-bottom-xs-0\" style=\"text-align: center;\"><span style=\"color: #f0f0f0;\">Krediten har 19,95 % nominell r\u00f6rlig \u00e5rsr\u00e4nta, 475 kr i uppl\u00e4ggningsavgift och 25 kr m\u00e5natlig administrationsavgift. En exempelkredit p\u00e5 75 000 kr som \u00e5terbetalas med 1 648 kr per m\u00e5nad under 90 m\u00e5nader har en effektiv \u00e5rsr\u00e4nta p\u00e5 22,8 %. Det inneb\u00e4r en total kostnad f\u00f6r krediten om 73 320 kr. L\u00f6ptid fr\u00e5n 36 till 90 m\u00e5nader.<\/span><\/p>\n<hr class=\"margin-top-xs-1 margin-bottom-xs-1\" \/>\n<div class=\"row align-items-center justify-content-center\">\n<div class=\"col-12 high-cost-credit-col\">\n<div class=\"row align-items-center\">\n<div class=\"col-auto\"><img decoding=\"async\" src=\"https:\/\/brixo.se\/wp-content\/uploads\/2021\/09\/triangle.png\" alt=\"varningstriangel h\u00f6gkostnadskrediter\" \/><\/div>\n<div class=\"col\">\n<p class=\"margin-bottom-xs-0\" style=\"text-align: left;\"><strong>Att l\u00e5na kostar pengar!<\/strong><\/p>\n<p class=\"margin-bottom-xs-0\">Om du inte kan betala tillbaka skulden i tid riskerar du en betalningsanm\u00e4rkning. Det kan leda till sv\u00e5righeter att f\u00e5 hyra bostad, teckna abonnemang och f\u00e5 nya l\u00e5n. F\u00f6r st\u00f6d, v\u00e4nd dig till budget- och skuldr\u00e5dgivningen i din kommun. Kontaktuppgifter finns p\u00e5 <a style=\"color: inherit !important;\" href=\"https:\/\/www.konsumentverket.se\/\" target=\"_blank\" rel=\"noopener\">konsumentverket.se.<\/a><\/p>\n<\/div>\n<\/div>\n<\/div>\n<\/div>\n                        <\/div>\n                                    <\/div>\n            <\/div>\n        <\/div>\n\n        <!-- Desktop layout -->\n        <div class=\"d-none d-md-block\">\n            <div class=\"desktop-layout\">\n                <div class=\"container\">\n                    <div class=\"hero-section-inner bg-wrapper\" >\n                        <div class=\"row\">\n                            <div class=\"col-12 col-md-8 offset-md-2 offset-lg-0 col-lg-6\">\n                                                                <div class=\"text-wrapper\">\n                                    <h1><span style=\"color: #ffffff;\">P\u00e5b\u00f6rja din l\u00e5neans\u00f6kan<\/span><\/h1>\n<p><span style=\"color: #ffffff;\">Privatl\u00e5n p\u00e5 10 000 till 150 000 kr utan UC. Med Brixos privatl\u00e5n f\u00e5r du en l\u00e4tt\u00f6versk\u00e5dlig avbetalningsplan d\u00e5 du betalar samma belopp varje m\u00e5nad &#8211; p\u00e5 s\u00e5 s\u00e4tt g\u00f6r vi det enklare f\u00f6r dig att planera din ekonomi. Betalningsanm\u00e4rkningar ok.<\/span><\/p>\n<ul>\n<li><span style=\"color: #ffffff;\">L\u00e5na 10 000 till 150 000 kr utan UC<\/span><\/li>\n<li><span style=\"color: #ffffff;\">Smidig digital ans\u00f6kan &amp; besked inom 24h<\/span><\/li>\n<li><span style=\"color: #ffffff;\">Utbetalning samma dag som ans\u00f6kan beviljas<\/span><\/li>\n<li><span style=\"color: #ffffff;\">Betalningsanm\u00e4rkningar \u00e4r OK<\/span><\/li>\n<\/ul>\n                                <\/div>\n                                                            <\/div>\n                                                            <div class=\"col-md-12 col-lg-5 offset-lg-1\">\n                                    <div class=\"image-wrapper padding-top-md-2 padding-top-lg-0\">\n                                        \n                    <div class='brixo-ams-application'>\n                        <div class='slider-wraper'>\n                            <div class='slider-content-box'>\n                                <div class='slider-content-box-top'>\n                                    <h3 class='slider-box-title'>Hur mycket vill du l\u00e5na?<\/h3>\n                                <\/div>\n                                <div class='slider-content-box-middle'>\n                                    \n                    <div class='slider-element-1'>\n                        \n                    <h4 class='slider-element-title'>L\u00e5nebelopp: <span class='summary credit-limit'><\/span><\/h4>\n                    <div class='slider-credit-limit'><\/div>\n                    \n                    <\/div>\n                    <div class='slider-element-2'>\n                        \n                    <h4 class='slider-element-title'>\u00c5terbetalningstid: <span class='summary payback-period'>m\u00e5n<\/span><\/h4>\n                    <div class='slider-payback-period'><\/div>\n                    \n                    <\/div>\n                    <div class='slider-element-cost-summary'>\n                        <h6>M\u00e5nadsbetalning: <span class='summary monthly-payment'><\/span><\/h6>\n                        <h6>Totalt belopp att \u00e5terbetala: <span class='summary total-repayment-amount'><\/span><\/h6>\n                        <h6>R\u00e4nta: <span class='summary nominal-interest'><\/span><\/h6>\n                    <\/div>\n                    \n                                <\/div>\n                                <div class='slider-content-box-bottom'>\n                                    <a href='#popup_9139' class='ams-submit-btn ams-submit-btn-color'>\n                                        Ans\u00f6k nu \n                                        <svg xmlns='http:\/\/www.w3.org\/2000\/svg' aria-hidden='true' role='img' width='1.3em' height='1.3em' preserveAspectRatio='xMidYMid meet' viewBox='0 0 24 24'><path fill='none' stroke='currentColor' stroke-linecap='round' stroke-linejoin='round' stroke-width='2.5' d='M4 12h16m-7-7l7 7l-7 7'\/><\/svg>\n                                    <\/a>\n                                <\/div>\n                            <\/div>\n                        <\/div>\n                    <\/div>\n                                                        <\/div>\n                                <\/div>\n                            \n                                                            <div class=\"col-12 col-lg-10 offset-lg-1 margin-top-xs-1\">\n                                    <p class=\"representative-example-text margin-bottom-xs-0\" style=\"text-align: center;\"><span style=\"color: #f0f0f0;\">Krediten har 19,95 % nominell r\u00f6rlig \u00e5rsr\u00e4nta, 475 kr i uppl\u00e4ggningsavgift och 25 kr m\u00e5natlig administrationsavgift. En exempelkredit p\u00e5 75 000 kr som \u00e5terbetalas med 1 648 kr per m\u00e5nad under 90 m\u00e5nader har en effektiv \u00e5rsr\u00e4nta p\u00e5 22,8 %. Det inneb\u00e4r en total kostnad f\u00f6r krediten om 73 320 kr. L\u00f6ptid fr\u00e5n 36 till 90 m\u00e5nader.<\/span><\/p>\n<hr class=\"margin-top-xs-1 margin-bottom-xs-1\" \/>\n<div class=\"row align-items-center justify-content-center\">\n<div class=\"col-12 high-cost-credit-col\">\n<div class=\"row align-items-center\">\n<div class=\"col-auto\"><img decoding=\"async\" src=\"https:\/\/brixo.se\/wp-content\/uploads\/2021\/09\/triangle.png\" alt=\"varningstriangel h\u00f6gkostnadskrediter\" \/><\/div>\n<div class=\"col\">\n<p class=\"margin-bottom-xs-0\" style=\"text-align: left;\"><strong>Att l\u00e5na kostar pengar!<\/strong><\/p>\n<p class=\"margin-bottom-xs-0\">Om du inte kan betala tillbaka skulden i tid riskerar du en betalningsanm\u00e4rkning. Det kan leda till sv\u00e5righeter att f\u00e5 hyra bostad, teckna abonnemang och f\u00e5 nya l\u00e5n. F\u00f6r st\u00f6d, v\u00e4nd dig till budget- och skuldr\u00e5dgivningen i din kommun. Kontaktuppgifter finns p\u00e5 <a style=\"color: inherit !important;\" href=\"https:\/\/www.konsumentverket.se\/\" target=\"_blank\" rel=\"noopener\">konsumentverket.se.<\/a><\/p>\n<\/div>\n<\/div>\n<\/div>\n<\/div>\n                                <\/div>\n                            \n                        <\/div>\n                    <\/div>\n                <\/div>\n            <\/div>\n        <\/div>\n\n    <\/section>\n<\/div>\n\n","protected":false},"excerpt":{"rendered":"","protected":false},"author":7,"featured_media":0,"parent":0,"menu_order":0,"comment_status":"closed","ping_status":"closed","template":"","meta":{"_acf_changed":false,"footnotes":""},"categories":[],"acf":[],"yoast_head":"<!-- This site is optimized with the Yoast SEO plugin v22.2 - https:\/\/yoast.com\/wordpress\/plugins\/seo\/ -->\n<title>P\u00e5b\u00f6rja din l\u00e5neans\u00f6kan | Brixo<\/title>\n<meta name=\"description\" content=\"Privatl\u00e5n fr\u00e5n 10 000 till 150 000 kr utan UC hos Brixo. Betalningsanm\u00e4rkningar kan accepteras. Digital ans\u00f6kan och snabbt besked. Ans\u00f6k nu.\" \/>\n<meta name=\"robots\" content=\"noindex, nofollow\" \/>\n<meta property=\"og:locale\" content=\"en_US\" \/>\n<meta property=\"og:type\" content=\"article\" \/>\n<meta property=\"og:title\" content=\"P\u00e5b\u00f6rja din l\u00e5neans\u00f6kan | Brixo\" \/>\n<meta property=\"og:description\" content=\"Privatl\u00e5n fr\u00e5n 10 000 till 150 000 kr utan UC hos Brixo. Betalningsanm\u00e4rkningar kan accepteras. Digital ans\u00f6kan och snabbt besked. Ans\u00f6k nu.\" \/>\n<meta property=\"og:url\" content=\"https:\/\/brixo.se\/privatlan\/laneansokan\/\" \/>\n<meta property=\"og:site_name\" content=\"Brixo\" \/>\n<meta property=\"article:publisher\" content=\"https:\/\/sv-se.facebook.com\/brixoab\/\" \/>\n<meta property=\"article:modified_time\" content=\"2026-03-24T14:26:49+00:00\" \/>\n<meta property=\"og:image\" content=\"https:\/\/brixo.se\/privatlan\/wp-content\/uploads\/2022\/06\/Brixo-Logo-01.png\" \/>\n\t<meta property=\"og:image:width\" content=\"1399\" \/>\n\t<meta property=\"og:image:height\" content=\"523\" \/>\n\t<meta property=\"og:image:type\" content=\"image\/png\" \/>\n<meta name=\"twitter:card\" content=\"summary_large_image\" \/>\n<script type=\"application\/ld+json\" class=\"yoast-schema-graph\">{\"@context\":\"https:\/\/schema.org\",\"@graph\":[{\"@type\":\"WebPage\",\"@id\":\"https:\/\/brixo.se\/privatlan\/laneansokan\/\",\"url\":\"https:\/\/brixo.se\/privatlan\/laneansokan\/\",\"name\":\"P\u00e5b\u00f6rja din l\u00e5neans\u00f6kan | Brixo\",\"isPartOf\":{\"@id\":\"https:\/\/brixo.se\/privatlan\/#website\"},\"datePublished\":\"2023-11-17T13:09:09+00:00\",\"dateModified\":\"2026-03-24T14:26:49+00:00\",\"description\":\"Privatl\u00e5n fr\u00e5n 10 000 till 150 000 kr utan UC hos Brixo. Betalningsanm\u00e4rkningar kan accepteras. Digital ans\u00f6kan och snabbt besked. Ans\u00f6k nu.\",\"breadcrumb\":{\"@id\":\"https:\/\/brixo.se\/privatlan\/laneansokan\/#breadcrumb\"},\"inLanguage\":\"en-US\",\"potentialAction\":[{\"@type\":\"ReadAction\",\"target\":[\"https:\/\/brixo.se\/privatlan\/laneansokan\/\"]}]},{\"@type\":\"BreadcrumbList\",\"@id\":\"https:\/\/brixo.se\/privatlan\/laneansokan\/#breadcrumb\",\"itemListElement\":[{\"@type\":\"ListItem\",\"position\":1,\"name\":\"Home\",\"item\":\"https:\/\/brixo.se\/privatlan\/\"},{\"@type\":\"ListItem\",\"position\":2,\"name\":\"L\u00e5neans\u00f6kan\"}]},{\"@type\":\"WebSite\",\"@id\":\"https:\/\/brixo.se\/privatlan\/#website\",\"url\":\"https:\/\/brixo.se\/privatlan\/\",\"name\":\"Brixo\",\"description\":\"\",\"publisher\":{\"@id\":\"https:\/\/brixo.se\/privatlan\/#organization\"},\"potentialAction\":[{\"@type\":\"SearchAction\",\"target\":{\"@type\":\"EntryPoint\",\"urlTemplate\":\"https:\/\/brixo.se\/privatlan\/?s={search_term_string}\"},\"query-input\":\"required name=search_term_string\"}],\"inLanguage\":\"en-US\"},{\"@type\":\"Organization\",\"@id\":\"https:\/\/brixo.se\/privatlan\/#organization\",\"name\":\"Brixo AB\",\"url\":\"https:\/\/brixo.se\/privatlan\/\",\"logo\":{\"@type\":\"ImageObject\",\"inLanguage\":\"en-US\",\"@id\":\"https:\/\/brixo.se\/privatlan\/#\/schema\/logo\/image\/\",\"url\":\"https:\/\/brixo.se\/privatlan\/wp-content\/uploads\/2022\/05\/Brixo-Logo-01.png\",\"contentUrl\":\"https:\/\/brixo.se\/privatlan\/wp-content\/uploads\/2022\/05\/Brixo-Logo-01.png\",\"width\":1399,\"height\":523,\"caption\":\"Brixo AB\"},\"image\":{\"@id\":\"https:\/\/brixo.se\/privatlan\/#\/schema\/logo\/image\/\"},\"sameAs\":[\"https:\/\/sv-se.facebook.com\/brixoab\/\"]}]}<\/script>\n<!-- \/ Yoast SEO plugin. -->","yoast_head_json":{"title":"P\u00e5b\u00f6rja din l\u00e5neans\u00f6kan | Brixo","description":"Privatl\u00e5n fr\u00e5n 10 000 till 150 000 kr utan UC hos Brixo. Betalningsanm\u00e4rkningar kan accepteras. Digital ans\u00f6kan och snabbt besked. Ans\u00f6k nu.","robots":{"index":"noindex","follow":"nofollow"},"og_locale":"en_US","og_type":"article","og_title":"P\u00e5b\u00f6rja din l\u00e5neans\u00f6kan | Brixo","og_description":"Privatl\u00e5n fr\u00e5n 10 000 till 150 000 kr utan UC hos Brixo. Betalningsanm\u00e4rkningar kan accepteras. Digital ans\u00f6kan och snabbt besked. Ans\u00f6k nu.","og_url":"https:\/\/brixo.se\/privatlan\/laneansokan\/","og_site_name":"Brixo","article_publisher":"https:\/\/sv-se.facebook.com\/brixoab\/","article_modified_time":"2026-03-24T14:26:49+00:00","og_image":[{"width":1399,"height":523,"url":"https:\/\/brixo.se\/privatlan\/wp-content\/uploads\/2022\/06\/Brixo-Logo-01.png","type":"image\/png"}],"twitter_card":"summary_large_image","schema":{"@context":"https:\/\/schema.org","@graph":[{"@type":"WebPage","@id":"https:\/\/brixo.se\/privatlan\/laneansokan\/","url":"https:\/\/brixo.se\/privatlan\/laneansokan\/","name":"P\u00e5b\u00f6rja din l\u00e5neans\u00f6kan | Brixo","isPartOf":{"@id":"https:\/\/brixo.se\/privatlan\/#website"},"datePublished":"2023-11-17T13:09:09+00:00","dateModified":"2026-03-24T14:26:49+00:00","description":"Privatl\u00e5n fr\u00e5n 10 000 till 150 000 kr utan UC hos Brixo. Betalningsanm\u00e4rkningar kan accepteras. Digital ans\u00f6kan och snabbt besked. Ans\u00f6k nu.","breadcrumb":{"@id":"https:\/\/brixo.se\/privatlan\/laneansokan\/#breadcrumb"},"inLanguage":"en-US","potentialAction":[{"@type":"ReadAction","target":["https:\/\/brixo.se\/privatlan\/laneansokan\/"]}]},{"@type":"BreadcrumbList","@id":"https:\/\/brixo.se\/privatlan\/laneansokan\/#breadcrumb","itemListElement":[{"@type":"ListItem","position":1,"name":"Home","item":"https:\/\/brixo.se\/privatlan\/"},{"@type":"ListItem","position":2,"name":"L\u00e5neans\u00f6kan"}]},{"@type":"WebSite","@id":"https:\/\/brixo.se\/privatlan\/#website","url":"https:\/\/brixo.se\/privatlan\/","name":"Brixo","description":"","publisher":{"@id":"https:\/\/brixo.se\/privatlan\/#organization"},"potentialAction":[{"@type":"SearchAction","target":{"@type":"EntryPoint","urlTemplate":"https:\/\/brixo.se\/privatlan\/?s={search_term_string}"},"query-input":"required name=search_term_string"}],"inLanguage":"en-US"},{"@type":"Organization","@id":"https:\/\/brixo.se\/privatlan\/#organization","name":"Brixo AB","url":"https:\/\/brixo.se\/privatlan\/","logo":{"@type":"ImageObject","inLanguage":"en-US","@id":"https:\/\/brixo.se\/privatlan\/#\/schema\/logo\/image\/","url":"https:\/\/brixo.se\/privatlan\/wp-content\/uploads\/2022\/05\/Brixo-Logo-01.png","contentUrl":"https:\/\/brixo.se\/privatlan\/wp-content\/uploads\/2022\/05\/Brixo-Logo-01.png","width":1399,"height":523,"caption":"Brixo AB"},"image":{"@id":"https:\/\/brixo.se\/privatlan\/#\/schema\/logo\/image\/"},"sameAs":["https:\/\/sv-se.facebook.com\/brixoab\/"]}]}},"rttpg_featured_image_url":null,"rttpg_author":{"display_name":"Marianne Stoker","author_link":"https:\/\/brixo.se\/privatlan\/author\/marianne\/"},"rttpg_comment":0,"rttpg_category":false,"rttpg_excerpt":null,"_links":{"self":[{"href":"https:\/\/brixo.se\/privatlan\/wp-json\/wp\/v2\/pages\/7590"}],"collection":[{"href":"https:\/\/brixo.se\/privatlan\/wp-json\/wp\/v2\/pages"}],"about":[{"href":"https:\/\/brixo.se\/privatlan\/wp-json\/wp\/v2\/types\/page"}],"author":[{"embeddable":true,"href":"https:\/\/brixo.se\/privatlan\/wp-json\/wp\/v2\/users\/7"}],"replies":[{"embeddable":true,"href":"https:\/\/brixo.se\/privatlan\/wp-json\/wp\/v2\/comments?post=7590"}],"version-history":[{"count":30,"href":"https:\/\/brixo.se\/privatlan\/wp-json\/wp\/v2\/pages\/7590\/revisions"}],"predecessor-version":[{"id":9990,"href":"https:\/\/brixo.se\/privatlan\/wp-json\/wp\/v2\/pages\/7590\/revisions\/9990"}],"wp:attachment":[{"href":"https:\/\/brixo.se\/privatlan\/wp-json\/wp\/v2\/media?parent=7590"}],"wp:term":[{"taxonomy":"category","embeddable":true,"href":"https:\/\/brixo.se\/privatlan\/wp-json\/wp\/v2\/categories?post=7590"}],"curies":[{"name":"wp","href":"https:\/\/api.w.org\/{rel}","templated":true}]}}